{"id":1106,"date":"2020-02-03T09:12:00","date_gmt":"2020-02-03T09:12:00","guid":{"rendered":""},"modified":"2023-08-11T07:01:53","modified_gmt":"2023-08-11T07:01:53","slug":"minust","status":"publish","type":"page","link":"https:\/\/maaneiu.ee\/?page_id=1106","title":{"rendered":"Minust"},"content":{"rendered":"<p>Tore, et oled siia tulnud!<\/p>\n<p>Olen 31 aastane p\u00f5line P\u00e4rnumaalane Irma. Mulle meeldib s\u00fc\u00fca head s\u00f6\u00f6ki ja teha teisi r\u00f5\u00f5msaks. Igasugustest katsetustest kasvaski v\u00e4lja Maaneiu &amp; Toit blogi,\u00a0 kuhu olen ma kirjutanud k\u00f5ike toredat aastast 2015.<\/p>\n<p>Olen abielus ja ema oma kolmele lapsele &#8211; Linda, Leelo ja Koit, kes on mu t\u00e4ielikud silmaterad. Olen oma s\u00fcdames ka t\u00e4ielik maakas ja maalt ma kuskile kunagi ei koli :).\u00a0<\/p>\n<figure id=\"attachment_1613\" aria-describedby=\"caption-attachment-1613\" style=\"width: 215px\" class=\"wp-caption alignright\"><img loading=\"lazy\" decoding=\"async\" class=\"wp-image-1613 \" src=\"https:\/\/maaneiu.ee\/wp-content\/uploads\/2020\/09\/unnamed-1-225x300.jpg\" alt=\"\" width=\"215\" height=\"287\" srcset=\"https:\/\/maaneiu.ee\/wp-content\/uploads\/2020\/09\/unnamed-1-225x300.jpg 225w, https:\/\/maaneiu.ee\/wp-content\/uploads\/2020\/09\/unnamed-1-768x1024.jpg 768w, https:\/\/maaneiu.ee\/wp-content\/uploads\/2020\/09\/unnamed-1-750x1000.jpg 750w, https:\/\/maaneiu.ee\/wp-content\/uploads\/2020\/09\/unnamed-1.jpg 828w\" sizes=\"(max-width: 215px) 100vw, 215px\" \/><figcaption id=\"caption-attachment-1613\" class=\"wp-caption-text\">2020 augustis k\u00e4isime burkse tegemas<\/figcaption><\/figure>\n<p>Igap\u00e4evaselt olen ma kodune, ei k\u00e4i p\u00e4evat\u00f6\u00f6l, ise naljatledes olen meeleheitel koduperenaine, kasvatan oma kahte t\u00fctart ja poega koos abikaasaga ja hoolitsen nende eest. Meil pisut ebatavalisem elukorraldus ka, nimelt j\u00e4in ma elama oma lapsep\u00f5lve koju, kuhu rajasimegi oma kodu. Maja on suur ja ruumi j\u00e4tkub k\u00f5igile, \u00fchel pool majas elame meie viiekesi ja teisel pool mu Isa ja Ema. Ma arvan, et muidu oleks mu pea ammu plahvatanud, kuid sellest p\u00e4\u00e4stab et meil majja eraldi sissep\u00e4\u00e4sud ja eraldi k\u00f6\u00f6gid, vannitoad jne. Miks ma seda pikka juttu siis r\u00e4\u00e4gin &#8211; selleks, et selgitada miks on mul p\u00f5hjust ja motivatsiooni pidevalt s\u00fc\u00fca teha, kuna meid nii palju siis l\u00f5puks s\u00fc\u00fcakse k\u00f5ik \u00e4ra, isegi need mis pooleldi aia taha l\u00e4hevad.<\/p>\n<figure id=\"attachment_1706\" aria-describedby=\"caption-attachment-1706\" style=\"width: 300px\" class=\"wp-caption alignnone\"><img loading=\"lazy\" decoding=\"async\" class=\"wp-image-1706 size-medium\" src=\"https:\/\/maaneiu.ee\/wp-content\/uploads\/2020\/09\/IMG_7070-300x225.jpeg\" alt=\"\" width=\"300\" height=\"225\" srcset=\"https:\/\/maaneiu.ee\/wp-content\/uploads\/2020\/09\/IMG_7070-300x225.jpeg 300w, https:\/\/maaneiu.ee\/wp-content\/uploads\/2020\/09\/IMG_7070-768x577.jpeg 768w, https:\/\/maaneiu.ee\/wp-content\/uploads\/2020\/09\/IMG_7070-750x563.jpeg 750w, https:\/\/maaneiu.ee\/wp-content\/uploads\/2020\/09\/IMG_7070-500x375.jpeg 500w, https:\/\/maaneiu.ee\/wp-content\/uploads\/2020\/09\/IMG_7070.jpeg 828w\" sizes=\"(max-width: 300px) 100vw, 300px\" \/><figcaption id=\"caption-attachment-1706\" class=\"wp-caption-text\">Minu s\u00fcles Leelo ja Martini s\u00fcles Linda. Mu kullakallid!<\/figcaption><\/figure>\n<p>S\u00f6\u00f6gitegemist ei tasu v\u00f5tta t\u00f5siselt. Samuti on retseptid pelgalt soovitused, mida saab alati enda eelistuse j\u00e4rgi muuta. Fakt on see, et k\u00f5igil l\u00e4heb vahest midagi untsu, mitte ainult uued asjad vaid ka need mis on aastaid tulnud vabalt v\u00e4lja, v\u00f5ib \u00fcksp\u00e4ev t\u00e4iesti metsa minna. Lihtne vastus sellele on &#8211; p\u00e4evad ei ole vennad. Igatahes ei tasu meelt heita ja alati ikka edasi proovida. \ud83d\ude42<\/p>\n<p>Hindan v\u00e4ga k\u00f5rgelt kvaliteetset toitu ja toiduaineid. On ikka vaks vahet kas teed tomatisalatit oma kasvuhoones kasvanud tumepunase l\u00f5hnava tomatiga v\u00f5i poes m\u00fc\u00fcdava hispaania tomatiga mis meenutab vahest k\u00f5rvitsat vahest plastmassi, ehk siis tomatil ja tomatil on ikka vahe. Ehk siis jutu point on see, et nii palju kui endal v\u00f5imalik, tuleks kasvatada ise k\u00f6\u00f6givilju\/puuvilju. Kuna meil suur aiamaa ja kasvuhoone ning mu Ema on taimelausuja, siis iga aasta kasvatame endale kohe s\u00f6\u00f6miseks ja ka hoidistamiseks palju vilju. Meie katsetusest ja perelemmikutest olen enamuse hoidiseid kirja ka pannud, uusi katsetusi on praegu v\u00e4hemaks j\u00e4\u00e4nud, aga k\u00fcll siis kui lapsed suuremad &#8211; j\u00f5uan j\u00e4lle rohkem asju v\u00e4lja m\u00f5elda :).<\/p>\n<figure id=\"attachment_1617\" aria-describedby=\"caption-attachment-1617\" style=\"width: 225px\" class=\"wp-caption alignnone\"><img loading=\"lazy\" decoding=\"async\" class=\"wp-image-1617 size-medium\" src=\"https:\/\/maaneiu.ee\/wp-content\/uploads\/2020\/09\/IMG_2410-225x300.jpg\" alt=\"\" width=\"225\" height=\"300\" srcset=\"https:\/\/maaneiu.ee\/wp-content\/uploads\/2020\/09\/IMG_2410-225x300.jpg 225w, https:\/\/maaneiu.ee\/wp-content\/uploads\/2020\/09\/IMG_2410-768x1024.jpg 768w, https:\/\/maaneiu.ee\/wp-content\/uploads\/2020\/09\/IMG_2410-1152x1536.jpg 1152w, https:\/\/maaneiu.ee\/wp-content\/uploads\/2020\/09\/IMG_2410-1536x2048.jpg 1536w, https:\/\/maaneiu.ee\/wp-content\/uploads\/2020\/09\/IMG_2410-750x1000.jpg 750w, https:\/\/maaneiu.ee\/wp-content\/uploads\/2020\/09\/IMG_2410-scaled.jpg 1920w\" sizes=\"(max-width: 225px) 100vw, 225px\" \/><figcaption id=\"caption-attachment-1617\" class=\"wp-caption-text\">Linda pani endale lokirulli p\u00e4he ja hakkas sibulaid sorteerima<\/figcaption><\/figure>\n<figure id=\"attachment_1618\" aria-describedby=\"caption-attachment-1618\" style=\"width: 225px\" class=\"wp-caption alignright\"><img loading=\"lazy\" decoding=\"async\" class=\"wp-image-1618 size-medium\" src=\"https:\/\/maaneiu.ee\/wp-content\/uploads\/2020\/09\/IMG_2523-225x300.jpg\" alt=\"\" width=\"225\" height=\"300\" srcset=\"https:\/\/maaneiu.ee\/wp-content\/uploads\/2020\/09\/IMG_2523-225x300.jpg 225w, https:\/\/maaneiu.ee\/wp-content\/uploads\/2020\/09\/IMG_2523-768x1024.jpg 768w, https:\/\/maaneiu.ee\/wp-content\/uploads\/2020\/09\/IMG_2523-1152x1536.jpg 1152w, https:\/\/maaneiu.ee\/wp-content\/uploads\/2020\/09\/IMG_2523-1536x2048.jpg 1536w, https:\/\/maaneiu.ee\/wp-content\/uploads\/2020\/09\/IMG_2523-750x1000.jpg 750w, https:\/\/maaneiu.ee\/wp-content\/uploads\/2020\/09\/IMG_2523-scaled.jpg 1920w\" sizes=\"(max-width: 225px) 100vw, 225px\" \/><figcaption id=\"caption-attachment-1618\" class=\"wp-caption-text\">Moonikeeksi segamas<\/figcaption><\/figure>\n<p>Aga isegi kui mu lapsed on v\u00e4ikesed, kaasan ma neid s\u00f6\u00f6gitegemisse. LOOMULIKULT j\u00f5uan ma \u00fcksi kiiremini ja v\u00e4hem laga on ka, aga kus mul enamus ajast kiire on? Lasen siis neil mind aidata, et nad n\u00e4eks kuidas toit tuleb ja et see on tegelikult p\u00f5nev ka, kuidagi \u00fcks asi muutub toorest-k\u00fcpseks ja on s\u00f6\u00f6giks valmis.\u00a0<\/p>\n<p>\u00a0<\/p>\n<figure id=\"attachment_1616\" aria-describedby=\"caption-attachment-1616\" style=\"width: 300px\" class=\"wp-caption alignleft\"><img loading=\"lazy\" decoding=\"async\" class=\"wp-image-1616 size-medium\" src=\"https:\/\/maaneiu.ee\/wp-content\/uploads\/2020\/09\/IMG_4348-300x225.jpg\" alt=\"\" width=\"300\" height=\"225\" srcset=\"https:\/\/maaneiu.ee\/wp-content\/uploads\/2020\/09\/IMG_4348-300x225.jpg 300w, https:\/\/maaneiu.ee\/wp-content\/uploads\/2020\/09\/IMG_4348-1024x768.jpg 1024w, https:\/\/maaneiu.ee\/wp-content\/uploads\/2020\/09\/IMG_4348-768x576.jpg 768w, https:\/\/maaneiu.ee\/wp-content\/uploads\/2020\/09\/IMG_4348-1536x1152.jpg 1536w, https:\/\/maaneiu.ee\/wp-content\/uploads\/2020\/09\/IMG_4348-2048x1536.jpg 2048w, https:\/\/maaneiu.ee\/wp-content\/uploads\/2020\/09\/IMG_4348-750x563.jpg 750w, https:\/\/maaneiu.ee\/wp-content\/uploads\/2020\/09\/IMG_4348-500x375.jpg 500w\" sizes=\"(max-width: 300px) 100vw, 300px\" \/><figcaption id=\"caption-attachment-1616\" class=\"wp-caption-text\">Viineripirukaid tegemas<\/figcaption><\/figure>\n<p>Igatahes utsitan k\u00f5iki ise rohkem s\u00fc\u00fca tegema ja v\u00e4hem poolfabrikaate ning poetoitu s\u00f6\u00f6ma, vahest muidugi v\u00f5ib, kui on v\u00e4ga kiire v\u00f5i oleks lihtsalt v\u00e4sinud. Aga tuleb ka end kokku v\u00f5tta, sest kui paned kehasse halba k\u00fctust, siis on ka halb olla :).<\/p>\n<div>\n<div>\u00a0<\/div>\n<\/div>\n\n\n<p><\/p>\n","protected":false},"excerpt":{"rendered":"<p>Tore, et oled siia tulnud! Olen 31 aastane p\u00f5line P\u00e4rnumaalane Irma. Mulle meeldib s\u00fc\u00fca head s\u00f6\u00f6ki ja teha teisi r\u00f5\u00f5msaks. Igasugustest katsetustest kasvaski v\u00e4lja Maaneiu &amp; Toit blogi,\u00a0 kuhu olen ma kirjutanud k\u00f5ike toredat aastast 2015. Olen abielus ja ema oma kolmele lapsele &#8211; Linda, Leelo ja Koit, kes on [&hellip;]<\/p>\n","protected":false},"author":2,"featured_media":0,"parent":0,"menu_order":0,"comment_status":"closed","ping_status":"closed","template":"","meta":{"_mi_skip_tracking":false,"_monsterinsights_sitenote_active":false,"_monsterinsights_sitenote_note":"","_monsterinsights_sitenote_category":0,"footnotes":""},"_links":{"self":[{"href":"https:\/\/maaneiu.ee\/index.php?rest_route=\/wp\/v2\/pages\/1106"}],"collection":[{"href":"https:\/\/maaneiu.ee\/index.php?rest_route=\/wp\/v2\/pages"}],"about":[{"href":"https:\/\/maaneiu.ee\/index.php?rest_route=\/wp\/v2\/types\/page"}],"author":[{"embeddable":true,"href":"https:\/\/maaneiu.ee\/index.php?rest_route=\/wp\/v2\/users\/2"}],"replies":[{"embeddable":true,"href":"https:\/\/maaneiu.ee\/index.php?rest_route=%2Fwp%2Fv2%2Fcomments&post=1106"}],"version-history":[{"count":13,"href":"https:\/\/maaneiu.ee\/index.php?rest_route=\/wp\/v2\/pages\/1106\/revisions"}],"predecessor-version":[{"id":2767,"href":"https:\/\/maaneiu.ee\/index.php?rest_route=\/wp\/v2\/pages\/1106\/revisions\/2767"}],"wp:attachment":[{"href":"https:\/\/maaneiu.ee\/index.php?rest_route=%2Fwp%2Fv2%2Fmedia&parent=1106"}],"curies":[{"name":"wp","href":"https:\/\/api.w.org\/{rel}","templated":true}]}}